1*r**2 - 160*r - 1. Let b(j) = 5*j. Let f be b(-1). Calculate g(f).
-15
Let s(o) = 2*o**3 - 42*o**2 + 26*o - 45. Let y(g) = g**3 - 20*g**2 + 13*g - 22. Let w(i) = 4*s(i) - 9*y(i). What is w(11)?
-4
Let q(a) = 1 - a - 2*a - 2*a + 6*a. Let j be ((-40)/50)/(-3 - (-78)/30). What is q(j)?
3
Suppose 23*f = -5*f + 84. Let a(k) = 2*k**2 - 4*k**2 - f + 8 + k**2 - 7*k. Determine a(-7).
5
Let d(q) = 0 - 7*q + 4 + 25*q - 23*q - q**2. Let k be d(-5). Let v(y) = -y**3 + 7*y**2 - 6*y + 6. Determine v(k).
30
Let o(b) = -b + 5. Suppose 22*v - 9*v + 281 = -44. Give o(v).
30
Suppose 2*m - 11 = c, 202*m - 3*c + 22 = 207*m. Let i(t) = -t**3 + 5*t**2 + 6*t + 2. Give i(m).
32
Let t(b) = -48 + 14*b + 19*b - 29*b. Let c be t(11). Let f(u) = u**2 + u - 1. Let q(m) = m**2 + 2*m. Let l(r) = c*f(r) + 3*q(r). Calculate l(4).
-4
Suppose -2*i = -4 - 0. Let r(a) = -4 + 8 + a - i*a + 7. Suppose -6*g + 85 = 11*g. Determine r(g).
6
Let l(d) = d**3 + 2*d**2 - 15*d + 25. Let c = 12375 + -12372. Give l(c).
25
Suppose -3*o = 4*q - 32, 59 = 3*q + 44. Let z(n) = -3*n**2 + n - 12. Let h(d) = -6*d**2 + 3*d - 23. Let j(p) = -6*h(p) + 11*z(p). Determine j(o).
26
Let o(a) be the third derivative of -a**9/60480 + a**8/2880 - a**6/240 - 163*a**5/60 - a**2 + 92. Let n(m) be the third derivative of o(m). Determine n(6).
33
Let m(q) = -q**2 + 2*q + 2. Let k = -7107 - -7112. Give m(k).
-13
Let i(w) = -w**2 + 6*w - 4. Suppose 4*y + 3*j = 12, j = -2*y + 66 - 58. What is i(y)?
-4
Suppose 5*r + 3 = -7. Let v be r + (-2)/(-4)*-10. Let q(h) = -h**2 - 3*h - 8. Let a(p) = 2*p**2 + 8*p + 12. Let z(f) = -3*a(f) - 5*q(f). Give z(v).
18
Suppose -3*d - 3 - 12 = 0. Let r = -2 - d. Let t(g) = 16*g**2 - 6*g - 45. Let u(q) = 37*q**2 - 13*q - 106. Let n(o) = -7*t(o) + 3*u(o). Calculate n(r).
-3
Suppose 26*z - 125 = z. Let t(i) = 1 + 7*i**2 - z*i + i**2 + 1 - 7*i**2. Give t(5).
2
Suppose -5*l = 2*q - 28 + 6, l - 3*q = 1. Suppose 2*x + 12 = 5*i, -6 = -12*x + 13*x - l*i. Let c(b) = -b + 8. Determine c(x).
14
Let u(l) = 60*l - 68*l + 0 + 1. Give u(0).
1
Let g(h) be the first derivative of -h**3/3 - h**2/2 + 2*h - 28. Let u(i) = -3*i**2 - 8*i + 21. Let s(o) = 2*g(o) - u(o). Give s(-8).
-1
Suppose -2*p - 9 + 5 = 0. Let t = p + 4. Suppose 4*b - 30 = -t. Let r(w) = -w**3 + 6*w**2 + 8*w + 1. Calculate r(b).
8
Suppose 30*f + 566 = 116. Let b(g) = -8*g - 135. Determine b(f).
-15
Let x(b) = -3 + 3*b**2 - 7*b**2 + 1 + b**3 + 2*b**2 - 7*b. Let h be x(4). Let m(k) = 2*k**3 - 4*k**2 + 3*k - 2. What is m(h)?
4
Let c be (-22 - -6) + 72/3. Let z(g) = 2*g**3 - 17*g**2 + 5*g + 18. Calculate z(c).
-6
Suppose 0 = -9*t - 31 - 887. Let y = -104 - t. Let x(k) = k**3 + 2*k**2 + k - 4. Determine x(y).
-6
Suppose -370*o = -387*o - 170. Let q(s) = 2*s + 5. Give q(o).
-15
Let p(g) = -29*g**2 - 29*g**2 - 31*g**2 + 28 + 110*g**2 + 15*g - 20*g**2. Determine p(-17).
62
Let h(b) = -5*b**2 - b - 1. Suppose 535*k - 20 = 539*k. Let f(g) = -26*g**2 + g + 7. Let d(j) = k*h(j) + f(j). Give d(7).
5
Let l(m) be the second derivative of m**6/90 + m**5/120 + m**4/12 + 21*m**2 + 15*m. Let r(a) be the third derivative of l(a). Give r(1).
9
Let i = 9 - 2. Let s(g) = 4*g**2 + i + g**3 + 3*g**2 + g + 3. Suppose 474*o = 479*o + 35. Calculate s(o).
3
Suppose 0*f + 16 = -3*s - 4*f, -2*s = 2*f + 14. Let p be 8/s - (-2)/12*-2. Let x(r) = 5*r**2 + 2*r + 1. Determine x(p).
4
Let h(t) = t**3 - t + 604. Let f be h(0). Let p(a) = 4*a**2 + f - a - 603 + a. What is p(-2)?
17
Suppose -8*b + 2*b = -36. Suppose -3*z - 3 = 3*k - 15, z - b = -3*k. Let l(d) = 27*d**3 + d. What is l(k)?
28
Let p(g) = -g**2 + 112*g - 2809. Let b be p(74). Let j(f) = f**3 - f**2 - f - 4. Determine j(b).
11
Let g(n) be the first derivative of -n**4/2 - 8*n**3/3 - 9*n**2/2 - 17*n - 227. What is g(-4)?
19
Let u(d) = -1 + 2 - 10*d + d - d**2 + 0*d**2 + 9. Calculate u(-6).
28
Let p(t) be the first derivative of t**4/4 + 11*t**3/3 - 3*t**2/2 - 11*t + 9997. Calculate p(-10).
119
Let z be (-3 - -5)*(30/4)/(-3). Let y(n) be the first derivative of -2*n**3 + 6 - 5/2*n**2 + 0*n - 1/4*n**4. Calculate y(z).
0
Let j(l) be the first derivative of l**2 + l + 11. Let h be j(3). Let q(u) = -319*u - h*u**2 + 1 + 319*u + u**3. Give q(7).
1
Let b = -6340 + 6342. Let q(l) = -l**3 - l**2 - 2*l + 8. Determine q(b).
-8
Let i be 0*(32/(-24) - 4/(-4)). Let b(o) = 4*o**2 - 2*o + 1. Let v be b(i). Let p(d) = -14*d**3 + d**2. What is p(v)?
-13
Let t(f) be the third derivative of 0 - 1/60*f**5 - 1/24*f**4 + 0*f - 174*f**2 - 1/2*f**3. Determine t(-4).
-15
Let f(p) = -4*p + 56. Let g(i) = -6*i + 54. Let v(b) = -6*f(b) + 5*g(b). Give v(-11).
0
Let w(n) be the second derivative of 2*n**3/3 - 4*n**2 + n. Suppose 0 = -4*y - 0*z - z + 28, z = y - 7. What is w(y)?
20
Let g be (-3)/(-5) - (-32)/80. Suppose -5*j = 7 + 3. Let o(k) = -26*k + 3. Let y(p) = -25*p + 4. Let i(q) = j*y(q) + 3*o(q). Give i(g).
-27
Let m(b) = -32*b**3 + 2*b**2 + 2*b + 1. Suppose 4*j = 5*j + 2*h, 0 = 2*h + 6. Let o(x) = 4*x - 25. Let a be o(j). What is m(a)?
33
Let o(f) = -2*f + 7 + 2*f - f. Let w(i) = -i**3 + i**2 + i + 5. Let s be w(0). Suppose s*a = m + 32, 2*a + 14 = 3*a - 4*m. Determine o(a).
1
Let p(q) = -1 + 29*q**3 + q**2 + 87*q**3 - 157*q**3 + 42*q**3 - 7. Let f(h) = -h**2 + 6*h - 3. Let w be f(6). Let t = -3 - w. Give p(t).
-8
Suppose 0 = 2*z - 3*m + 28, 80*z = 79*z - 3*m + 4. Let q(y) be the first derivative of -y**3/3 - 7*y**2/2 - y - 121. Determine q(z).
-9
Let m(v) be the first derivative of -v**6/360 + 7*v**5/120 - 7*v**4/24 + 16*v**3/3 - v**2/2 + 28. Let h(b) be the third derivative of m(b). Calculate h(6).
-1
Let h = -21 - 82. Let s = -101 - h. Let z(f) = -16*f**3 - 14*f**3 + 31*f**3 + 9*f - 15*f**s + 14 + 3*f**2. Determine z(11).
-8
Let m(q) = -14*q + 43. Let p(s) = 13*s - 73. Let d(w) = 3*m(w) + 4*p(w). Calculate d(19).
27
Let v(q) = -5*q + 155. Let r be v(31). Suppose r = -5*p - 4*y + 75, -p + 8 + 8 = y. Let u(c) = -c**2 + 12*c + 3. Give u(p).
14
Let v(z) = -z**2 + 1. Let m(k) = -k**3 - 2*k**2 + k. Let p(c) = -2*c**3 - 5*c**2 + 3*c - 1. Let y(r) = 5*m(r) - 2*p(r). Let f be y(1). What is v(f)?
1
Let a(g) = 4*g**2 + 2*g - 5. Let p = -5824 + 5819. Give a(p).
85
Suppose 5*q = -5*x + 40, 18 = 5*q - 7. Let j(p) = -4*p + 8*p**2 - 6*p**2 + 4*p - 4*p**2 + x*p. What is j(3)?
-9
Let w(r) = 318 + 299 + 271 - 4*r - 737. What is w(38)?
-1
Let n = -586 - -591. Let r(q) = -12 + 2*q**2 - q**2 + q**3 + 0*q**3 + n + 2*q**2 - 6*q. Give r(-4).
1
Let c(o) = 2*o**2 + 2*o + 1. Let b(r) = 11*r**2 + 5*r + 9. Suppose 10*y - 9 = 51. Let j(w) = y*c(w) - b(w). Determine j(-8).
5
Let r be ((-11)/(-2))/(9/36). Suppose -4*j + r = 86. Let a = j + 13. Let t(o) = o**2 + 5*o. Calculate t(a).
-6
Let c = 5574 - 5581. Let p(n) be the second derivative of n**5/20 + 7*n**4/12 + n**3/6 + 9*n**2/2 + 8*n. Give p(c).
2
Suppose 4*l + 4 - 12 = 0. Suppose -o - 51 = -4*x - 11, -5*x - l*o + 63 = 0. Let h(r) = x + 2*r + r + r**2 + 6*r. Give h(-8).
3
Let s(w) = -45*w + 147. Let o(j) = 49*j - 148. Let m(z) = 3*o(z) + 4*s(z). Calculate m(4).
12
Let y(s) = -1 - 4*s**2 - 446*s**3 + 3*s**2 - 448*s**3 + 887*s**3. Calculate y(-1).
5
Let o(k) be the third derivative of -k**6/120 - 3*k**5/20 - 5*k**4/12 - 5*k**3/2 + k**2 - 1512. Determine o(-9).
75
Let p be (-39 + 13)/2 + 13. Let z(h) = -h**3 + 2*h**2 - 6*h + 8. Give z(p).
8
Let v(z) = -27*z**2 - z + 2. Let l(b) = -205*b**2 - 5*b + 15. Let g(k) = -2*l(k) + 15*v(k). Calculate g(-3).
60
Let x(i) = -2*i - 1. Let j(h) = -h + 2. Let s(t) = 13*t - 13. Let w(m) = -6*j(m) - s(m). Let l(q) = w(q) - 3*x(q). What is l(0)?
4
Let o(y) = -y + 8. Let u be (6/(-12))/(((-25)/30)/5). Suppose -u*n = 2*f - 21, -2*f - 28 = -0*n - 4*n. Give o(n).
1
Let x = 4 + -2. Let s(d) = -d**x - 4 + 0*d + d + 10*d - 3*d. What is s(7)?
3
Let a(p) = 200*p**3 - 420*p**3 - 4*p**2 - 5*p + 5 + 221*p**3. Let c = 42 + -37. Give a(c).
5
Let i(t) be the first derivative of -3*t**2/2 + 7*t + 5815. Let r = 8 + -5. What is i(r)?
-2
Suppose 137 = 2*a + o + 141, 5*a + 2*o = -7. Let j(p) = -4*p - 1. Let f be j(-1). Let q(m) = -m**f + m**3 + 6*m**3. What is q(a)?
6
Let n(a) = -a**3 - 5*a**2 + 8*a + 8. Let h be 7*((-9)/3)/((-14)/4). Let j(b) = b**3 - 8*b**2 - b + 7. Let d be j(h). Let k = d + 65. Give n(k).
-4
Let q(r) = 1 + 65701*r - 5 - 65695*r. What is q(3)?
14
Let o(a) = 79*a - 151 + 4 - 180 - 150. Ca